r of 174 and 5394?
174
What is the greatest common factor of 20 and 38?
2
Calculate the highest common factor of 10332 and 72.
36
What is the highest common factor of 3920 and 60?
20
Calculate the greatest common factor of 297 and 54.
27
Calculate the highest common divisor of 7340 and 15.
5
What is the greatest common factor of 2529 and 1967?
281
What is the highest common factor of 32 and 2?
2
Calculate the greatest common divisor of 792 and 720.
72
Calculate the highest common factor of 3380 and 1560.
260
What is the greatest common divisor of 77 and 7?
7
Calculate the highest common divisor of 112 and 154.
14
Calculate the highest common divisor of 1673 and 7.
7
What is the highest common divisor of 63 and 2625?
21
What is the greatest common divisor of 12 and 54?
6
Calculate the greatest common factor of 72 and 112.
8
Calculate the highest common factor of 1273 and 19.
19
What is the highest common factor of 3718 and 4394?
338
What is the highest common divisor of 6 and 106?
2
Calculate the highest common divisor of 112 and 144.
16
What is the greatest common factor of 6 and 37?
1
What is the highest common factor of 96 and 168?
24
What is the highest common divisor of 440 and 70?
10
What is the greatest common divisor of 1258 and 2?
2
Calculate the greatest common divisor of 106 and 8109.
53
What is the greatest common divisor of 36 and 1548?
36
What is the highest common divisor of 297 and 6039?
99
What is the greatest common factor of 315 and 1995?
105
Calculate the highest common divisor of 750 and 60.
30
What is the greatest common factor of 86 and 7009?
43
Calculate the highest common factor of 116 and 87.
29
What is the greatest common divisor of 48276 and 81?
81
Calculate the greatest common factor of 39 and 91.
13
What is the highest common factor of 161 and 14?
7
What is the greatest common factor of 72 and 804?
12
What is the greatest common divisor of 4140 and 120?
60
What is the greatest common factor of 403 and 39?
13
Calculate the greatest common divisor of 180 and 1116.
36
Calculate the greatest common factor of 18394 and 34.
34
What is the highest common factor of 2145 and 132?
33
What is the greatest common divisor of 5907 and 1253?
179
Calculate the greatest common divisor of 352 and 2068.
44
Calculate the highest common factor of 243 and 9.
9
Calculate the greatest common divisor of 15 and 135.
15
Calculate the greatest common factor of 891 and 132.
33
What is the greatest common divisor of 29 and 1305?
29
Calculate the highest common divisor of 3304 and 280.
56
What is the greatest common factor of 940 and 160?
20
Calculate the greatest common factor of 18 and 27.
9
What is the greatest common factor of 1498 and 14?
14
What is the greatest common factor of 152 and 2888?
152
What is the highest common factor of 162 and 108?
54
Calculate the greatest common factor of 1431 and 999.
27
What is the greatest common factor of 21735 and 54?
27
Calculate the greatest common factor of 837 and 27.
27
Calculate the highest common divisor of 1870 and 220.
110
What is the highest common divisor of 666 and 36?
18
Calculate the greatest common divisor of 1292 and 2280.
76
Calculate the greatest common divisor of 196 and 462.
14
Calculate the greatest common factor of 17 and 833.
17
Calculate the greatest common divisor of 1512 and 288.
72
Calculate the highest common divisor of 30 and 3840.
30
Calculate the highest common divisor of 455 and 325.
65
What is the greatest common divisor of 36 and 972?
36
What is the greatest common divisor of 3686 and 19?
19
Calculate the highest common factor of 14 and 273.
7
What is the highest common factor of 1100 and 484?
44
What is the highest common factor of 27 and 2214?
27
Calculate the greatest common divisor of 7400 and 40.
40
What is the greatest common divisor of 49 and 7?
7
Calculate the highest common factor of 212 and 14.
2
Calculate the greatest common factor of 910 and 3500.
70
Calculate the highest common factor of 682 and 66.
22
What is the highest common factor of 20 and 510?
10
What is the greatest common divisor of 38 and 171?
19
What is the highest common factor of 195 and 15?
15
Calculate the greatest common factor of 33 and 2.
1
What is the highest common factor of 517 and 11?
11
Calculate the highest common divisor of 68 and 136.
68
What is the highest common factor of 4 and 1214?
2
What is the highest common divisor of 17 and 1?
1
Calculate the highest common divisor of 140 and 2765.
35
What is the greatest common divisor of 21 and 21?
21
What is the greatest common divisor of 208 and 32?
16
What is the greatest common factor of 1386 and 506?
22
Calculate the greatest common divisor of 3776 and 59.
59
What is the greatest common divisor of 69 and 713?
23
What is the greatest common divisor of 100 and 10100?
100
Calculate the highest common divisor of 2034 and 18.
18
What is the greatest common divisor of 4 and 128?
4
What is the greatest common divisor of 544 and 304?
16
What is the highest common factor of 1988 and 84?
28
Calculate the greatest common factor of 693 and 308.
77
What is the greatest common divisor of 120 and 140?
20
Calculate the greatest common divisor of 4 and 37.
1
What is the highest common factor of 9 and 129?
3
What is the greatest common factor of 8 and 496?
8
What is the highest common factor of 50 and 35?
5
What is the greatest common factor of 45 and 375?
15
Calculate the highest common factor of 4797 and 26.
13
Calculate the greatest common divisor of 5 and 1065.
5
Calculate the highest common divisor of 1395 and 18.
9
What is the greatest common divisor of 49 and 1323?
49
Calculate the highest common divisor of 10 and 710.
10
What is the highest common divisor of 162 and 14526?
54
Calculate the highest common factor of 6757 and 29.
29
Calculate the greatest common divisor of 30 and 525.
15
Calculate the greatest common factor of 4 and 5.
1
What is the highest common divisor of 975 and 25?
25
Calculate the greatest common divisor of 10 and 1070.
10
What is the greatest common factor of 6 and 8?
2
What is the highest common factor of 259 and 91?
7
Calculate the greatest common divisor of 45 and 5985.
45
Calculate the greatest common divisor of 1296 and 4941.
81
What is the highest common divisor of 16 and 240?
16
What is the highest common divisor of 160 and 40?
40
Calculate the highest common factor of 4428 and 432.
108
Calculate the highest common divisor of 112 and 53928.
56
Calculate the highest common divisor of 12 and 33.
3
Calculate the highest common factor of 731 and 215.
43
What is the highest common factor of 14 and 476?
14
What is the highest common factor of 77 and 308?
77
What is the highest common divisor of 90 and 274?
2
Calculate the greatest common divisor of 24 and 11.
1
Calculate the highest common factor of 12 and 2838.
6
Calculate the highest common factor of 602 and 5246.
86
Calculate the highest common factor of 35 and 4100.
5
What is the greatest common factor of 65282 and 14?
14
What is the highest common factor of 924 and 996?
12
Calculate the highest common divisor of 235 and 1880.
235
What is the greatest common divisor of 2 and 1704?
2
Calculate the greatest common factor of 33 and 63.
3
Calculate the greatest common divisor of 4880 and 8.
8
What is the highest common divisor of 39 and 221?
13
What is the highest common factor of 74 and 8288?
74
What is the highest common divisor of 759 and 22?
11
Calculate the greatest common divisor of 418 and 950.
38
Calculate the greatest common divisor of 14 and 182.
14
What is the highest common factor of 1600 and 64?
64
Calculate the greatest common factor of 240 and 304.
16
What is the greatest common divisor of 1147 and 155?
31
Calculate the highest common divisor of 605 and 242.
121
Calculate the greatest common factor of 734 and 4.
2
What is the greatest common divisor of 12 and 1188?
12
What is the highest common divisor of 533 and 364?
13
What is the highest common factor of 12183 and 131?
131
Calculate the highest common factor of 15 and 1455.
15
Calculate the greatest common factor of 38 and 2.
2
What is the highest common factor of 41 and 1107?
41
What is the greatest common factor of 124 and 217?
31
What is the greatest common factor of 124 and 68?
4
What is the hig